59401 prime?
True
Is 684223081 a prime number?
False
Is 690034659 prime?
False
Is 985518389 a prime number?
False
Is 91607147911 prime?
True
Is 135835202491 composite?
False
Is 81713508011 a composite number?
False
Is 5756214697 a composite number?
True
Is 1261609897 prime?
True
Is 46121719 composite?
True
Is 6183192907 prime?
False
Is 1328675027 prime?
False
Is 6885056857 prime?
False
Is 150407531 a composite number?
False
Is 25608681191 composite?
False
Is 7164701983 composite?
False
Is 618425581 prime?
False
Is 29641536361 a prime number?
False
Is 75526163 composite?
True
Is 745691953 composite?
False
Is 3962599651 a prime number?
False
Is 4922050789 a composite number?
True
Is 758997353 prime?
True
Is 220071329 prime?
True
Is 15590269705 a composite number?
True
Is 590066317 a prime number?
True
Is 412162979 a prime number?
False
Is 57075056569 a prime number?
True
Is 5153583077 prime?
True
Is 12261312901 prime?
True
Is 7581011549 prime?
True
Is 4727674213 prime?
False
Is 1698952097 a composite number?
True
Is 3191163743 a prime number?
False
Is 288646177627 prime?
False
Is 4854925213 prime?
True
Is 24921802273 a prime number?
False
Is 2257269811 a prime number?
True
Is 273129007 composite?
False
Is 1777905123 prime?
False
Is 88498711781 composite?
True
Is 48984051463 composite?
True
Is 56262401653 composite?
False
Is 63493291 prime?
True
Is 1397211289 a prime number?
False
Is 8094632821 a prime number?
False
Is 228196277 composite?
True
Is 3573709831 prime?
False
Is 8159842573 a prime number?
True
Is 71348587 a composite number?
True
Is 176539547 a prime number?
True
Is 32588618143 a prime number?
False
Is 21674441 prime?
False
Is 38149913294 prime?
False
Is 15835281463 a prime number?
True
Is 6821581849 a prime number?
False
Is 25185623 a prime number?
False
Is 70998491077 a prime number?
True
Is 157354936727 prime?
True
Is 15162983257 composite?
True
Is 11533240223 composite?
False
Is 12099487651 composite?
False
Is 2530312509 prime?
False
Is 108591827 composite?
False
Is 48581230883 composite?
False
Is 15226852523 prime?
True
Is 481945417 composite?
True
Is 191137073 composite?
False
Is 568421443 prime?
True
Is 60238484977 prime?
False
Is 33360752099 composite?
False
Is 25339568029 composite?
True
Is 143600809 a prime number?
False
Is 12334258003 prime?
False
Is 1294404211 a prime number?
False
Is 12064593147 composite?
True
Is 68554223 composite?
True
Is 26357413843 prime?
True
Is 252581569 a prime number?
True
Is 23978388601 prime?
True
Is 551440079 prime?
True
Is 5405381 composite?
False
Is 163380619 prime?
True
Is 642866857 prime?
True
Is 112666356034 composite?
True
Is 36761696399 a prime number?
False
Is 410726867189 a composite number?
False
Is 8835082273 prime?
True
Is 3911700719 a prime number?
True
Is 7054027469 composite?
False
Is 77875205465 a prime number?
False
Is 18904806563 a composite number?
True
Is 84985055339 prime?
False
Is 1377926981 a prime number?
True
Is 82554935693 a composite number?
False
Is 4409989679 composite?
False
Is 729466861 a prime number?
True
Is 16423658089 composite?
True
Is 348005681 a composite number?
False
Is 1602996049 a composite number?
True
Is 7111122563 composite?
True
Is 673747469 composite?
False
Is 2241241607 a composite number?
True
Is 7282002811 a prime number?
True
Is 4747470757 a prime number?
False
Is 858108653 a composite number?
False
Is 64362815921 a composite number?
False
Is 39679165037 prime?
True
Is 132255217 composite?
True
Is 25299474359 a prime number?
True
Is 1471860739 a composite number?
False
Is 2316899371 prime?
True
Is 3994888673 a prime number?
True
Is 6321043705 a composite number?
True
Is 3890674303 a composite number?
True
Is 206791889 prime?
False
Is 32058699151 prime?
False
Is 6094530159 a prime number?
False
Is 131409793 composite?
False
Is 98022667 composite?
False
Is 61126902951 a prime number?
False
Is 2430700583 prime?
False
Is 5855707303 composite?
True
Is 2082315187 a composite number?
False
Is 50976348347 prime?
True
Is 7574795981 composite?
False
Is 837271079 a composite number?
True
Is 3273653359 prime?
False
Is 528509326 prime?
False
Is 2639438953 a prime number?
True
Is 82355761039 composite?
False
Is 19737083753 a prime number?
False
Is 93163818391 composite?
True
Is 4647607351 a composite number?
False
Is 5453142491 prime?
True
Is 2359150321 a composite number?
True
Is 939598763 a prime number?
False
Is 3475217531 prime?
True
Is 143078884933 composite?
False
Is 361356923 a composite number?
True
Is 2656798567 a composite number?
False
Is 2334766165 prime?
False
Is 4251058593 composite?
True
Is 41297902 composite?
True
Is 10478985553 a prime number?
True
Is 81544807 a prime number?
False
Is 82652997183 a prime number?
False
Is 17284794529 a prime number?
True
Is 470440445 a composite number?
True
Is 32301915913 composite?
False
Is 1995991373 a prime number?
False
Is 667812463 composite?
False
Is 8864910205 a composite number?
True
Is 1577034142 composite?
True
Is 49649 composite?
True
Is 17300373617 a prime number?
True
Is 66934014841 a composite number?
False
Is 486930107 a composite number?
False
Is 3028926337 composite?
False
Is 3213131639 a prime number?
False
Is 1404137887 a prime number?
False
Is 82044684233 composite?
False
Is 886437659 prime?
False
Is 2667489659 a prime number?
True
Is 9913301773 composite?
False
Is 49541509 prime?
False
Is 1970117113 a prime number?
False
Is 4886248009 a composite number?
True
Is 35065864583 a composite number?
False
Is 105621389581 prime?
True
Is 3385071617 prime?
True
Is 1663970359 a composite number?
True
Is 1401623039 prime?
True
Is 307699438 prime?
False
Is 226249897 prime?
False
Is 10288779731 prime?
True
Is 3951526661 composite?
True
Is 195328550639 prime?
True
Is 4229429527 a prime number?
True
Is 6264282163 a composite number?
False
Is 54632823757 a composite number?
False
Is 50424131 composite?
False
Is 24902607809 prime?
True
Is 63759993971 prime?
True
Is 282789907 a composite number?
True
Is 253906351 a composite number?
True
Is 8471078809 composite?
True
Is 1637912065 prime?
False
Is 49371267313 prime?
False
Is 100994107567 a prime number?
False
Is 78525780743 a prime number?
True
Is 372055253 prime?
True
Is 501232385 composite?
True
Is 371756563 composite?
False
Is 871607207 a composite number?
True
Is 4350493093 a prime number?
True
Is 10225022133 prime?
False
Is 1680869479 composite?
False
Is 114707609 a composite number?
False
Is 6286093741 prime?
False
Is 26507236097 a composite number?
False
Is 22684828237 prime?
False
Is 710610949 a prime number?
False
Is 898154713 a composite number?
True
Is 825977037 a prime number?
False
Is 11529514642 prime?
False
Is 359768263 prime?
False
Is 3695327353 a composite number?
True
Is 1445436151 a composite number?
False
Is 7578619157 a prime number?
False
Is 664768469 prime?
True
Is 16043136349 prime?
True
Is 46809306691 a prime number?
False
Is 100763893049 composite?
True
Is 511049381 a composite number?
True
Is 543244511 composite?
True
Is 695000017 a composite number?
False
Is 11757276671 a prime number?
False
Is 18865376081 a composite number?
False
Is 2515963343 prime?
True
Is 2524769878 a composite number?
True
Is 314176607 a composite number?
False
Is 17426190571 prime?
False
Is 2898144793 a prime number?
False
Is 19718031 prime?
False
Is 4982999041 a prime number?
True
Is 54673822319 a composite number?
True
Is 73196719217 prime?
True
Is 83495522101 a composite number?
True
Is 393840611 composite?
False
Is 190164065677 prime?
True
Is 250470479 composite?
True
Is 28947549529 prime?
True
Is 8732309783 a composite number?
False
Is 5308600085 a composite number?
True
Is 2138776841 a composite number?
False
Is 2819508491 composite?
False
Is 291284743 a composite number?
False
Is 940916201 a prime number?
True
Is 132511281727 a prime number?
False
Is 908557757 composite?
True
Is 12772591631 a composite number?
True
Is 140368153 prime?
True
Is 1989828319 prime?
True
Is 157478518021 a prime number?
False
Is 8010860021 prime?
True
Is 13044711703 prime?
True
Is 21422485021 a prime number?
False
Is 384132121 composite?
False
Is 31247053 a composite number?
True
Is 81715847749 prime?
True
Is 2969597809 a prime number?
True
Is 8341190831 prime?
Fals